{"id":2451,"date":"2024-12-31T18:45:43","date_gmt":"2024-12-31T17:45:43","guid":{"rendered":"https:\/\/www.vivavolley.it\/wordpress\/?page_id=2451"},"modified":"2025-03-03T10:11:28","modified_gmt":"2025-03-03T09:11:28","slug":"safeguarding","status":"publish","type":"page","link":"https:\/\/www.vivavolley.it\/wordpress\/index.php\/safeguarding\/","title":{"rendered":"Safeguarding"},"content":{"rendered":"<p>La FIPAV garantisce il diritto fondamentale di tutti i tesserati di essere trattati con\u00a0<strong>rispetto\u00a0<\/strong>e\u00a0<strong>dignit\u00e0\u00a0<\/strong>nonch\u00e9 di essere\u00a0<strong>tutelati\u00a0<\/strong>da ogni forma di abuso, molestia, violenza di genere e da ogni altra condizione di discriminazione, indipendentemente da etnia, convinzioni personali, disabilit\u00e0, et\u00e0, identit\u00e0 di genere, orientamento sessuale, lingua, opinione politica, religione, condizione patrimoniale, di nascita, fisica, intellettiva, relazionale o sportiva. Per la FIPAV e per il VIVA Volley, infatti, <em><strong>il diritto alla salute e al benessere psico-fisico dei tesserati costituisce un valore assolutamente primario anche rispetto al risultato sportivo<\/strong><\/em>, tanto che chiunque partecipi con qualsiasi funzione o titolo all\u2019attivit\u00e0 federale \u00e8 tenuto a rispettare i predetti diritti dei tesserati.<\/p>\n<p>Pertanto viene istituitauna nuova figura: il Responsabile Safeguarding che avr\u00e0 il compito di adottare le opportune iniziative per\u00a0prevenire e contrastare\u00a0ogni forma di abuso, violenza e discriminazione ai danni dei tesserati e delle tesserate federali.<\/p>\n<p>Riceve le segnalazioni ricevute da coloro che vengono a conoscenza o subiscono direttamente comportamenti rilevanti, anche assicurando l\u2019anonimato e proceder\u00e0 nell\u2019attivare l\u2019intervento necessario, dandone informazione alla Procura Federale e alla persona che ha effettuato la segnalazione, qualora questa corrisponda alla persona vittima o sia esercente la responsabilit\u00e0 genitoriale (nel caso in cui si tratti di persona di minore et\u00e0).<\/p>\n<p>Considerato che la tempestivit\u00e0 della segnalazione riveste un\u2019importanza primaria per il buon esito delle situazioni di abuso, chiunque venga a conoscenza di comportamenti rilevanti sul piano disciplinare a scapito della persona e del benessere psico-fisico dei tesserati federali, potr\u00e0 inviare una segnalazioni al seguente indirizzo di posta elettronica:\u00a0<a href=\"mailto:safeguarding.valpantenavolley@gmail.com\"><em><strong>safeguarding.valpantenavolley@gmail.com<\/strong><\/em><\/a><em>.<\/em><\/p>\n<p>&nbsp;<\/p>\n<p><strong>NOMINA DEL RESPONSABILE CONTRO ABUSI, VIOLENZE E DISCRIMINAZIONI DI VALPANTENA VOLLEY ASD<\/strong><\/p>\n<p>V.I.VA. Volley ASD, con delibera del 20\/01\/2025 ha nominato in qualit\u00e0 di \u00a0Responsabile contro abusi, violenze e discriminazioni (\u201cLocal Safeguarding Officer\u201d):<\/p>\n<p><strong>Avv. Paola Fornal\u00e8 <\/strong>di Verona.<\/p>\n<p>Il Responsabile pu\u00f2 essere contattato per eventuali segnalazioni al seguente indirizzo e-mail\u00a0<a href=\"mailto:safeguarding.valpantenavolley@gmail.com\">safeguarding.valpantenavolley@gmail.com<\/a>.<\/p>\n<p>Si ricorda che vige l\u2019obbligo della riservatezza sulla gestione delle segnalazioni da parte del Responsabile, ai sensi della normativa vigente. Per contattare il Safeguarding Officer Federale, nominato dalla Federazione Italiana Pallavolo, si prega di fare riferimento al seguente link:\u00a0<a href=\"https:\/\/www.federvolley.it\/safeguarding\"><em>https:\/\/www.federvolley.it\/safeguarding<\/em><\/a> e alla seguente mail:\u00a0<a href=\"mailto:safeguarding@federvolley.it\"><em>safeguarding@federvolley.it<\/em><\/a><\/p>\n<p>&nbsp;<\/p>\n<p><strong>DOCUMENTI PUBBLICATI<\/strong><\/p>\n<p><em><strong><a href=\"https:\/\/www.vivavolley.it\/wordpress\/wp-content\/uploads\/2024\/12\/Modello-Organizzativo-e-di-Controllo-dellAttivita-Sportiva.pdf\">MODELLO ORGANIZZATIVO E DI CONTROLLO DELL\u2019ATTIVITA\u2019 SPORTIVA<\/a><\/strong><\/em><\/p>\n<p><em><strong><a href=\"https:\/\/www.vivavolley.it\/wordpress\/wp-content\/uploads\/2025\/03\/Nomina-Safeguarding_Viva.pdf\">NORMATIVA SAFEGUARDING<\/a><\/strong><\/em><\/p>\n","protected":false},"excerpt":{"rendered":"<p>La FIPAV garantisce il diritto fondamentale di tutti i tesserati [&hellip;]<\/p>\n","protected":false},"author":2,"featured_media":0,"parent":0,"menu_order":0,"comment_status":"closed","ping_status":"closed","template":"","meta":{"footnotes":""},"_links":{"self":[{"href":"https:\/\/www.vivavolley.it\/wordpress\/index.php\/wp-json\/wp\/v2\/pages\/2451"}],"collection":[{"href":"https:\/\/www.vivavolley.it\/wordpress\/index.php\/wp-json\/wp\/v2\/pages"}],"about":[{"href":"https:\/\/www.vivavolley.it\/wordpress\/index.php\/wp-json\/wp\/v2\/types\/page"}],"author":[{"embeddable":true,"href":"https:\/\/www.vivavolley.it\/wordpress\/index.php\/wp-json\/wp\/v2\/users\/2"}],"replies":[{"embeddable":true,"href":"https:\/\/www.vivavolley.it\/wordpress\/index.php\/wp-json\/wp\/v2\/comments?post=2451"}],"version-history":[{"count":7,"href":"https:\/\/www.vivavolley.it\/wordpress\/index.php\/wp-json\/wp\/v2\/pages\/2451\/revisions"}],"predecessor-version":[{"id":2465,"href":"https:\/\/www.vivavolley.it\/wordpress\/index.php\/wp-json\/wp\/v2\/pages\/2451\/revisions\/2465"}],"wp:attachment":[{"href":"https:\/\/www.vivavolley.it\/wordpress\/index.php\/wp-json\/wp\/v2\/media?parent=2451"}],"curies":[{"name":"wp","href":"https:\/\/api.w.org\/{rel}","templated":true}]}}